t common divisor of a and s?
12
Let d(u) = -64*u - 24. Let v be d(-5). Let l(q) = -q**2 - q + 37. Let i be l(0). Calculate the greatest common divisor of v and i.
37
Suppose -k = y - 3, 2 + 2 = -2*k. Let h(m) = -m**3 + 5*m**2 - 2*m - 5. Let r be h(y). Let u be 2/(-3)*r/2. What is the greatest common divisor of u and 15?
5
Let a be (6890/(-371))/((-1)/28). Calculate the greatest common divisor of 8 and a.
8
Let p = 9 + -21. Let x = p - -16. Let j be x/6 - 112/(-12). Calculate the greatest common divisor of j and 25.
5
Let l(r) = r**3 + 10*r**2 - 14*r - 18. Let k be l(-11). What is the highest common divisor of k and 480?
15
Suppose 651 = 2*q - k, 1049 = 4*q + 3*k - 248. Calculate the greatest common divisor of 100 and q.
25
Let i(v) = 9*v + 55. Let l be i(-9). Let j be (l/8)/(16/(-192)). Calculate the greatest common factor of j and 312.
39
Suppose -327928 = 24*s - 331192. Let m(y) = -y**3 + 4*y**2 - 5*y. Let z be m(4). Let f = -3 - z. What is the highest common divisor of f and s?
17
Let p(c) = c**3 + 11*c**2 - 7*c + 14. Let g be p(-11). Let f = g - 81. What is the highest common divisor of f and 50?
10
Let j(d) = -d + 13. Let l be j(10). Suppose 2 - 20 = -l*r. Suppose -r*p + 0*p + 288 = 0. What is the highest common divisor of 12 and p?
12
Suppose -y + 6 = -4*y. Let c be y + 10 + 0/6. Let l be 19 + 1 + (-16)/c. What is the greatest common factor of l and 9?
9
Let y be 70 + (4 - 3)*2. Let h = 106 - y. Calculate the greatest common factor of h and 17.
17
Let a be 323/57 + (-1)/(-3). Let v(m) = -m**2 + 3*m + 2. Let i be v(3). Suppose -h = -4 - i. What is the greatest common divisor of a and h?
6
Suppose 12*n - 231 = 669. What is the greatest common factor of 100 and n?
25
Let v = -14 - -24. Suppose 0 = -3*w + 4*w. Let o be 3 - (w + -1)*1. Calculate the highest common factor of o and v.
2
Let c(o) = 59*o + 7. Let d be c(-8). Suppose -3*u = 2*g + 603 - 132, 3*u = -3. Let r = g - d. Calculate the greatest common divisor of 21 and r.
21
Let v = 4 + 4. Suppose v*y = 155 - 27. Calculate the greatest common factor of y and 48.
16
Let u(m) = -m**3 + 9*m**2 + 12. Let w be u(8). Suppose 3*i - 357 = -3*y, 2*y = 4*i + 140 + 68. What is the greatest common divisor of w and y?
38
Let o be 3/4 + -1 - (-2356)/16. What is the greatest common divisor of 196 and o?
49
Let z(w) be the second derivative of 1/20*w**5 - 4*w + 2*w**3 + 13/12*w**4 + 0 + 4*w**2. Let j be z(-12). What is the greatest common divisor of j and 1?
1
Suppose j - 483 = m - 127, -2*j - m = -700. Calculate the highest common factor of 32 and j.
32
Suppose 19*y - 27*y + 3520 = 0. Let f(a) = 40*a**3 + a**2 - a. Let d be f(1). What is the greatest common divisor of d and y?
40
Let t(d) = 3*d + 1. Let m(s) = 2*s + 4*s**2 + 3*s**3 + 1 - 2*s**3 - s**2. Let n be m(-2). Let r be t(n). What is the highest common divisor of r and 10?
2
Let w be 4 + 0/(-2) + 112. Calculate the highest common factor of w and 8.
4
Suppose w - 2*y = -0*w + 139, 4*y = w - 137. Suppose -3*b + 3 = -w. Let l = 340 - 328. Calculate the highest common factor of b and l.
12
Let w(m) = 0 + 2*m - 3*m + 1 + 14. Let a be w(7). Calculate the highest common factor of a and 64.
8
Let l(y) = 2*y**2 + 40*y + 11. Let w be l(-21). Calculate the greatest common divisor of 424 and w.
53
Let y be (76/95)/(1748/(-875) - -2). Calculate the highest common divisor of 100 and y.
50
Suppose 5*j - 2*y - 360 = 0, -5*y + 2 = 3*j - 245. Calculate the greatest common divisor of 703 and j.
37
Suppose -1833 = -3*c - 3*s, 6*c - 3085 = c + s. What is the highest common factor of c and 56?
56
Let q(r) = -r**2 + 9*r + 2. Let y be q(9). Suppose -y*w = 6 - 14. Suppose -4 = 4*i, 3*h - h = -w*i + 12. Calculate the greatest common factor of h and 88.
8
Let o be (0 + -21)*(-1 + -3). Let b(c) = -2*c - 85. Let v be b(-53). What is the greatest common factor of o and v?
21
Let l = 192 - 112. What is the greatest common divisor of 144 and l?
16
Suppose 8 - 2 = 3*l. Suppose l*d = f - 0*f + 61, d - 4*f = 27. What is the highest common divisor of 279 and d?
31
Suppose 5*r + 2 = 7. Let b be 18*3/9*r. What is the highest common factor of 2 and b?
2
Let p = 3 + -2. Let f(n) = n + 10. Let v be f(-3). Suppose v = -i + 2*i. Calculate the highest common factor of i and p.
1
Let p be 3 - 2/4*2. Suppose 3*s = 2*c - 28, 3*c + 2*c - 43 = 3*s. Let l be -25 + 23 + 1 + s/(-2). What is the greatest common factor of l and p?
2
Let j = 1873 - 1288. What is the highest common divisor of 130 and j?
65
Suppose -3*p - 2*p - 380 = 0. Let b be 4 - 3 - 1*p. Let t(w) = -w**3 - 20*w**2 - 20*w - 8. Let a be t(-19). Calculate the greatest common factor of a and b.
11
Suppose 0 = -2*q + 5*q - 21. Suppose 0 = 6*z - 3*z - 21. Calculate the highest common divisor of q and z.
7
Suppose 5*j - 134 + 394 = 5*h, 3*j = -h + 68. Calculate the greatest common factor of 4 and h.
4
Suppose -2*r - 98 = -5*d, -13*d + 9*d + 60 = 3*r. Calculate the greatest common divisor of 27 and d.
9
Let u be 11/2*(-6 - -40). Suppose 177 = 4*c - u. Calculate the highest common factor of 13 and c.
13
Let r be (-28)/((-3)/54*-1). Let p be (33/4)/((-54)/r). Calculate the greatest common divisor of p and 7.
7
Suppose 0 = 534*y - 514*y - 960. Let x(z) = -z + 19*z**2 - z + 0*z. Let b be x(2). What is the highest common factor of y and b?
24
Let y(x) = x**2 - 4. Let r be y(-3). Suppose q + 5 = j, r*j - 4*q - 30 + 5 = 0. Suppose j*f = 89 + 31. What is the highest common divisor of f and 12?
12
Let v be (-364)/21 - (-1)/3. Let r = v + 2. Let z = r + 36. Calculate the highest common factor of 84 and z.
21
Suppose 4*h + 108 = 4*b + 8*h, 3*b - 81 = 3*h. Let g be 1/(-2)*(2 + -110). What is the highest common factor of g and b?
27
Suppose 0 = d - q - 7, -4*d - q = 2*q. Let y be 5 + ((-20)/(-5) - d). Calculate the highest common factor of y and 3.
3
Let m be 2*1/4*-2. Let o be -4*(28/(-16) - m). Suppose 324 = 6*l - o*l. What is the highest common factor of l and 12?
12
Suppose 11*r = i + 10*r - 25, -i + 25 = r. What is the highest common divisor of i and 25?
25
Let b(x) = 27*x**2 - x. Let m be b(1). Let j(q) = 13*q**3 - 6*q + 6. Let h be j(1). Calculate the highest common divisor of h and m.
13
Let k(n) = -13*n + 2. Let t be k(-1). Let a = 42 - 42. Suppose 7*f - 5*f - 30 = a. Calculate the highest common divisor of f and t.
15
Let s(w) = 7*w**2 + 4*w + 5. Let a be s(8). Suppose -5*p - 125 = -a. Calculate the greatest common factor of p and 8.
8
Suppose 13 = -3*i + 4, -3*v + 3*i = -153. Suppose 0 = -2*l - 4*l + v. What is the greatest common factor of l and 88?
8
Let s = 2413 + -1566. What is the highest common factor of 484 and s?
121
Suppose 10*o - 1455 = 1695. Suppose -o*m + 311*m = -80. Let l(a) = a + 8. Let r be l(-6). Calculate the greatest common divisor of r and m.
2
Let l be 20/15*(5 + 2 + 5). Calculate the highest common divisor of 80 and l.
16
Suppose 13*v - 75 - 81 = 0. What is the highest common divisor of v and 96?
12
Suppose 10*d - 8*d = 6. Suppose -b - 29 = -m, -2*m + 41 = -m + d*b. What is the highest common factor of 16 and m?
16
Let f(k) = 220*k**2 - 7*k + 7. Let j be f(1). Suppose 5 = -5*v + 115. What is the highest common divisor of j and v?
22
Let g(u) = 13*u**2 - 1. Let t be g(-1). Let o be ((-2)/4)/((-1)/28). Suppose -32 = -2*h + 4*z, -o + 0 = h + 4*z. What is the highest common factor of h and t?
6
Let c(d) = d**2 + 3*d + 9. Let s = -7 + 2. Let r be c(s). What is the greatest common factor of 133 and r?
19
Let y(o) = o**2 - 12*o + 47. Let d be y(6). What is the greatest common factor of d and 253?
11
Let c(t) = -t + 4. Let m be c(14). Let g be ((-20)/15)/(m/405). What is the greatest common divisor of g and 18?
18
Let t(i) = 3*i**2 - 2*i + 21. Let x be t(-5). Suppose 0 = 3*o + z - x, 2*o = 5*o - 3*z - 114. Calculate the greatest common factor of o and 324.
36
Suppose -70*a = -89*a + 304. What is the greatest common divisor of 12 and a?
4
Let v be (-4)/(-12) + 22/6. Suppose 0 = 2*s - v*m - 12, 2*m + 0 = 2. Let x = 19 - -13. Calculate the highest common divisor of s and x.
8
Let n(o) be the third derivative of o**6/120 + o**5/10 + o**4/6 + 5*o**3/3 + 22*o**2. Let c be n(-5). Calculate the greatest common divisor of 10 and c.
5
Let p be -1 - (-1 + -4)/1. Suppose 0 = -2*r - t - 3*t + 14, p*r = 4*t + 40. Calculate the highest 